{"id":1485,"date":"2014-01-14T20:38:08","date_gmt":"2014-01-14T20:38:08","guid":{"rendered":"http:\/\/artsci.case.edu\/dittrick\/?page_id=1485"},"modified":"2021-10-04T08:53:53","modified_gmt":"2021-10-04T12:53:53","slug":"felix-meheux-hand-colorist","status":"publish","type":"page","link":"https:\/\/artsci.case.edu\/dittrick\/online-exhibits\/photographing-dermatology\/felix-meheux-hand-colorist\/","title":{"rendered":"F\u00e9lix M\u00e9heux, hand colorist"},"content":{"rendered":"<h3>The collections of Dr William Thomas Corlett (1854\u20131948)<\/h3>\n<div>\n<div id=\"attachment_1489\" style=\"width: 290px\" class=\"wp-caption alignleft\"><a href=\"https:\/\/artscimedia.case.edu\/wp-content\/uploads\/sites\/39\/2014\/01\/14194805\/meheux.jpg\"><img aria-describedby=\"caption-attachment-1489\" loading=\"lazy\" class=\"wp-image-1489 size-full\" style=\"margin: 10px\" src=\"https:\/\/artscimedia.case.edu\/wp-content\/uploads\/sites\/39\/2014\/01\/14194805\/meheux.jpg\" alt=\"M\u00e9heux hand colored a photograph taken of a patient suffering from scarlet fever\/scarletina.\" width=\"280\" height=\"435\" srcset=\"https:\/\/artscimedia.case.edu\/wp-content\/uploads\/sites\/39\/2014\/01\/14194805\/meheux.jpg 280w, https:\/\/artscimedia.case.edu\/wp-content\/uploads\/sites\/39\/2014\/01\/14194805\/meheux-193x300.jpg 193w\" sizes=\"(max-width: 280px) 100vw, 280px\" \/><\/a><p id=\"caption-attachment-1489\" class=\"wp-caption-text\">M\u00e9heux hand colored a photograph taken of a patient suffering from scarlet fever\/scarletina.<\/p><\/div>\n<p>In his formative career, Corlett worked as a dresser at the H\u00f4pital Saint-Louis, Paris during the early 1880s<a title=\"Link to bibliographic citation\" href=\"http:\/\/onlinelibrary.wiley.com\/doi\/10.1111\/j.1365-4632.2008.03683.x\/full#b3\" rel=\"references:#b3\">3<\/a> The H\u00f4pital was furnished with a museum founded in 1865 on the dermatological watercolors donated by the physician Alphonse Devergie (1798\u20131879). A collection of wax moulages was added during the early 1860\u00a0s by the dermatologist Charles Lailler (1828\u20131898), followed by a museum of dermatological photographs in 1896.<a title=\"Link to bibliographic citation\" href=\"http:\/\/onlinelibrary.wiley.com\/doi\/10.1111\/j.1365-4632.2008.03683.x\/full#b4\" rel=\"references:#b4\">4<\/a> F\u00e9lix M\u00e9heux (1838\u20131908) was a photographer and an outstanding colorist at the H\u00f4pital Saint-Louis from 1884 to 1904. During 1899\u20131900, Corlett visited Paris to enlist the services of M\u00e9heux. In the Preface of Corlett&#8217;s <em>Treatize <\/em>he wrote that in order \u201cTo render them more life-like I secured the services of F\u00e9lix M\u00e9heux, <em>dessinateur<\/em> of the H\u00f4pital St Louis, Paris, to color the photographs.\u201d<a title=\"Link to bibliographic citation\" href=\"http:\/\/onlinelibrary.wiley.com\/doi\/10.1111\/j.1365-4632.2008.03683.x\/full#b5\" rel=\"references:#b5\">5<\/a><\/p>\n<\/div>\n<div>\n<p>Corlett continued \u201cThe truthfulness in detail of photographic reproductions, and the gratifying reception accorded the author&#8217;s lantern slide demonstrations of the acute exanthemata, having suggested to him that the time is opportune for a separate work on this important group of diseases. To further enhance its usefulness, and in order to reproduce in color certain negatives requiring special demonstration, the services of F\u00e9lix M\u00e9heux, dessinateur et photographie [designer and photographer] at the H\u00f4pital St Louis, Paris have been secured, whose life-like illustrations in Chatelain&#8217;s admirable work on diseases of the skin have sufficiently introduced him to the medical profession.<a title=\"Link to bibliographic citation\" href=\"http:\/\/onlinelibrary.wiley.com\/doi\/10.1111\/j.1365-4632.2008.03683.x\/full#b6\" rel=\"references:#b6\">6<\/a> In this way the most delicate shades of color have been given, not only as peculiar to the particular diseases, but when thought desirable, the various stages through which they pass have been illustrated in color, as well as the conditions most liable to mask their appearance.\u201d<a title=\"Link to bibliographic citation\" href=\"http:\/\/onlinelibrary.wiley.com\/doi\/10.1111\/j.1365-4632.2008.03683.x\/full#b7\" rel=\"references:#b7\">7<\/a><\/p>\n<\/div>\n<div>\n<p>In total, M\u00e9heux hand colored 11 photographs for Corlett, including cases of variola, varicella, scarletina, rubeola, and rubella. The original photographs hand colored by M\u00e9heux form part of Corlett&#8217;s photographic collection housed at the Dittrick. They bear Corlett&#8217;s detailed and comprehensive instructions written to M\u00e9heux (in French) and to the publishers (in English).<\/p>\n<p><strong><a href=\"http:\/\/artsci.case.edu\/dittrick\/online-exhibits\/photographing-dermatology\/leman-hand-colorist\/\" target=\"_blank\" rel=\"noopener noreferrer\">Proceed to next page<\/a>\u00a0<\/strong><\/p>\n<\/div>\n","protected":false},"excerpt":{"rendered":"<p>The collections of Dr William Thomas Corlett (1854\u20131948)<\/p>\n<p>In his formative career, Corlett worked as a dresser at the H\u00f4pital Saint-Louis, Paris during the early 1880s<a title=\"Link to bibliographic citation\" href=\"http:\/\/onlinelibrary.wiley.com\/doi\/10.1111\/j.1365-4632.2008.03683.x\/full#b3\" rel=\"references:#b3\">3<\/a> The H\u00f4pital was furnished with a museum founded in 1865 on the dermatological watercolors donated by the physician Alphonse Devergie (1798\u20131879). A collection of wax moulages was added during the early 1860\u00a0s by the dermatologist Charles Lailler (1828\u20131898), followed by a museum of dermatological photographs in 1896.<a title=\"Link to bibliographic citation\" href=\"http:\/\/onlinelibrary.wiley.com\/doi\/10.1111\/j.1365-4632.2008.03683.x\/full#b4\" rel=\"references:#b4\">4<\/a> F\u00e9lix M\u00e9heux (1838\u20131908) was a photographer and an outstanding colorist at the H\u00f4pital Saint-Louis from 1884 to 1904.<\/p>\n<p><a href=\"https:\/\/artsci.case.edu\/dittrick\/online-exhibits\/photographing-dermatology\/felix-meheux-hand-colorist\/\" class=\"more-link\">Continue reading&#8230; <span class=\"screen-reader-text\">F\u00e9lix M\u00e9heux, hand colorist<\/span><\/a><\/p>\n","protected":false},"author":55,"featured_media":0,"parent":229,"menu_order":2,"comment_status":"open","ping_status":"open","template":"","meta":{"spay_email":""},"_links":{"self":[{"href":"https:\/\/artsci.case.edu\/dittrick\/wp-json\/wp\/v2\/pages\/1485"}],"collection":[{"href":"https:\/\/artsci.case.edu\/dittrick\/wp-json\/wp\/v2\/pages"}],"about":[{"href":"https:\/\/artsci.case.edu\/dittrick\/wp-json\/wp\/v2\/types\/page"}],"author":[{"embeddable":true,"href":"https:\/\/artsci.case.edu\/dittrick\/wp-json\/wp\/v2\/users\/55"}],"replies":[{"embeddable":true,"href":"https:\/\/artsci.case.edu\/dittrick\/wp-json\/wp\/v2\/comments?post=1485"}],"version-history":[{"count":7,"href":"https:\/\/artsci.case.edu\/dittrick\/wp-json\/wp\/v2\/pages\/1485\/revisions"}],"predecessor-version":[{"id":6097,"href":"https:\/\/artsci.case.edu\/dittrick\/wp-json\/wp\/v2\/pages\/1485\/revisions\/6097"}],"up":[{"embeddable":true,"href":"https:\/\/artsci.case.edu\/dittrick\/wp-json\/wp\/v2\/pages\/229"}],"wp:attachment":[{"href":"https:\/\/artsci.case.edu\/dittrick\/wp-json\/wp\/v2\/media?parent=1485"}],"curies":[{"name":"wp","href":"https:\/\/api.w.org\/{rel}","templated":true}]}}