{"id":692,"date":"2018-05-31T20:32:41","date_gmt":"2018-06-01T00:32:41","guid":{"rendered":"http:\/\/artsci.case.edu\/smat50\/?page_id=692"},"modified":"2018-05-31T20:32:41","modified_gmt":"2018-06-01T00:32:41","slug":"alain-blondel","status":"publish","type":"page","link":"https:\/\/artsci.case.edu\/smat50\/alain-blondel\/","title":{"rendered":"Alain Blondel"},"content":{"rendered":"<p><img loading=\"lazy\" class=\"wp-image-693  alignleft\" src=\"https:\/\/artscimedia.case.edu\/wp-content\/uploads\/sites\/218\/2018\/05\/31202019\/Alain_Blondel-600x450.jpg\" alt=\"Alain Blondel\" width=\"424\" height=\"318\" srcset=\"https:\/\/artscimedia.case.edu\/wp-content\/uploads\/sites\/218\/2018\/05\/31202019\/Alain_Blondel-600x450.jpg 600w, https:\/\/artscimedia.case.edu\/wp-content\/uploads\/sites\/218\/2018\/05\/31202019\/Alain_Blondel-768x576.jpg 768w, https:\/\/artscimedia.case.edu\/wp-content\/uploads\/sites\/218\/2018\/05\/31202019\/Alain_Blondel-1200x900.jpg 1200w, https:\/\/artscimedia.case.edu\/wp-content\/uploads\/sites\/218\/2018\/05\/31202019\/Alain_Blondel-500x375.jpg 500w\" sizes=\"(max-width: 424px) 100vw, 424px\" \/><\/p>\n<p><strong>Alain BLONDEL<\/strong><\/p>\n<p>Born 26 march1953 in Neuilly (92000 FRANCE), French citizen<br \/>\nPersonal address: 590 rte d&#8217;Ornex, 01280 Pr\u00e9vessin, France. Tel. +33 (0)4 50 40 46 51<br \/>\nPrefessional address D\u00e9partement de Physique Nucl\u00e9aire et Corpusculaire<br \/>\nUniversit\u00e9 de Gen\u00e8ve Quai Ernest-Ansermet 24 CH-1205 Gen\u00e8ve 4<\/p>\n<p>alain.blondel@cern.ch ORCID : 0000-0002-1597-8859<\/p>\n<p>EDUCATION<br \/>\nEngineer Ecole Polytechnique Paris (X1972)<br \/>\nDEA in Nuclear Physics, University of Orsay (1975)<br \/>\n3d cycle Thesis, University of Orsay (1976)<br \/>\nPhD in Physics University of Orsay (1979)<\/p>\n<p>&nbsp;<\/p>\n<p>&nbsp;<\/p>\n<p>PROFESSIONAL CURRICULUM<br \/>\n1975 Stagiaire Ecole Polytechnique (Palaiseau, France) (PhD student grant)<br \/>\n1977 Attach\u00e9 de Recherche au CNRS (Permanent position as junior researcher)<br \/>\n1980 Charg\u00e9 de Recherche au CNRS (Permanent position as senior researcher)<br \/>\n1983-1985-1989 Boursier CERN (CERN fellow) then Membre du Personnel CERN (CERN staff)<br \/>\n1989 \u2192 Directeur de Recherches au CNRS (Director of research group) (actuellement DR1)<br \/>\n1991 \u2192 2000 Ma\u00eetre de Conf\u00e9rences \u00e0 l&#8217;Ecole Polytechnique (Junior professor)<br \/>\n1995 Attach\u00e9 scientifique CERN (CERN scientific associate)<br \/>\n2000 Detach\u00e9 du CNRS, Professeur ordinaire \u00e0 l&#8217;Universit\u00e9 de Gen\u00e8ve (Full professor)<br \/>\nneutrino group leader<\/p>\n<p>INSTITUTIONAL RESPONSIBILITIES<br \/>\n2000 \u2013 Faculty Member, Facult\u00e9 des Sciences University of Geneva Country<br \/>\n2004 \u2013 2010 Chair of the teaching commission at the Physics Institute University of Geneva<br \/>\n2004 &#8212; 2012 Coordinator of doctoral studies University of Geneva<br \/>\n2004 Organizer of the \u201950 years of CERN\u2019 ceremony at University of Geneva<br \/>\n2005 Organizer of \u201cKids University\u201d at University of Geneva<br \/>\n2005 \u2013 2008 Organizer of the evening public lectures at the Physics Institute University of Geneva<br \/>\n(audience 300 persons)<\/p>\n<p>APPROVED RESEARCH PROJECTS<br \/>\nHARP at CERN (as co-spokesperson) Hadroproduction experiment<br \/>\nMICE: the International Muon Ionization Cooling Experiment. (as Spokesperson) approved in 2003<br \/>\nT2K experiment approved in 2003 (as leader of the Swiss collaborators)<br \/>\nNA61\/SHINE (collaboration board chair and leader of the neutrino activity) approved 2006 at CERN<br \/>\nBaby-MIND (as spokesperson) approved in 2015 at CERN<\/p>\n<p>SUPERVISION OF GRADUATE STUDENTS AND POSTDOCTORAL FELLOWS<br \/>\n1996 \u2013 2017 18 Master students<br \/>\n&#8212; PhD students: Aurelio Juste , Andrea Valassi, Eugeni Grauges, Simone Gilardoni, Cristina Morone,<br \/>\nGersende Prior, Silvia Borghi, Maximilien Fechner, Manuel Diaz, Raphael Schroeter, Rikard Sandstroem,<br \/>\nAhmed Ali Abdelalim, Nicolas Abgrall, Vassil Verguilov, Melody Ravonel, Sebastien Murphy, Ruslan<br \/>\nAsfandiyarov, Antoaneta Damianova, Leila Haegel, Fran\u00e7ois Drielsma, Lucie Maret, Saba Parsa.<br \/>\n&#8212; Postdocs : Francesca Mazzucato, Imma Riu, Mario Campanelli, Luca Malgeri, Edda Gschwendtner,<br \/>\nAnselmo Cervera, Arno Straessner, Bertrand Martin dit Latour, Jean-Sebastien Graulich, Marie di Marco,<br \/>\nFanny Dufour, Jeremy Argyriades, Andrea Ferrero, Gustav Wikstr\u00f6m, Alexander Korzenev, Yordan<br \/>\nKaradzhov, Etam Noah, Mark Rayner, Melody Ravonel, Davide Sgalaberna<\/p>\n<p>TEACHING ACTIVITIES<br \/>\nFrom 1991 till 2000 : Quantum Mechanics at Ecole Polytechnique Palaiseau France.<br \/>\nFrom 1996 till 1999 : Particle Physics at the DEA Orsay, France.<br \/>\nFrom 2000 \u2013 2018: Professor at the DPNC, Physics section, University of Geneva, Switzerland:<\/p>\n<p>2000-2008 Mechanics for physicists (1st year)<br \/>\n2008-2011 Quantum Mechanics I<br \/>\n2004- Physique d\u2019aujourd\u2019hui (public lecture on neutrino physics)<br \/>\n2004- Chapitres choisis de Physique des particules (Master\u2019s course on neutrino physics)<br \/>\n2002- Students seminars (teaching a student to give a seminar)<br \/>\n2012- 1st year Physics for mathematicians, IT, chemists, biologists and environment scientists.<\/p>\n<p>ORGANISATION OF SCIENTIFIC MEETINGS (most significant ones, since 2006 only)<br \/>\n1999-2017 NUFACT workshops: founding member and member of Scientific Program Committee (Yearly<br \/>\n100-200 participants). Chaired NUFACT11 at Geneva and NUFACT16 in Vietnam<br \/>\n2006 Member of the Preparatory group of the 1st European Strategy meeting, I co-organized the Orsay<br \/>\nsymposium (386 participants) and the Zeuthen strategy meeting (60 participants)<br \/>\n2009 Chair of European strategy for future neutrino physics at CERN 254 Participants<br \/>\n2012 Chair of European strategy for future neutrino oscillation physics CERN 159 part.<br \/>\n2015 program committee \u201cWorkshop for Neutrino Programs with facilities in Japan\u201d (100)<br \/>\n2012 &#8211; 2016 program committee for the ICFA beam dynamics workshop HF2012 (Chicago) \u2018Higgs<br \/>\nFactories: Linear vs Circular\u2019, then HF2014 (Beijing) eeFact2016 (Daresbury) (60 participants)<br \/>\n2012-2018 Organization of the TLEP-FCC-ee workshops (10 workshops typically 60 participants) and<br \/>\nVideo conferences (2 monthly)<br \/>\n2014 co-chair of \u2018FCC design study kick-off meeting\u2019 at University of Geneva (341 part.)<br \/>\n2015 Member of organizing committee of the FCC week in Washington (336 participants)<br \/>\n2016 Member of organizing committee of the FCC week in Rome (468 participants)<br \/>\n2016 Organizer of \u201cworkshop on neutrino near detectors based on gas TPCs\u201d, 8-9 Nov 2016 (72 part.)<br \/>\n2017 Chair of the organization of the first FCC physics week at CERN<br \/>\n2017 Member of organizing committee of the FCC week in Berlin (&gt; 500 participants?)<br \/>\n2017 Organizing committee for the workshop<br \/>\n2018 Member of scientific committee for the conference \u2018History of the Neutrino\u2019 (Paris, 2018)<br \/>\n2018 Chair of FCC physics week at CERN<\/p>\n<p>COMMISSIONS OF TRUST<br \/>\n2003 \u20132009 Member of CERN Scientific Policy Committee<br \/>\n2000-2012 Member of the PSI BVR review committee. Referee of the MEG experiment.<br \/>\n2006 &#8212; Member of the European Particle Physics Strategy Group<br \/>\n2009 &#8212; Reviewer for the Helmolz society, Germany<br \/>\n2010 \u2013 Reviewer for the Belgian Science Policy office BELSPO<br \/>\n2013 \u2013 Reviewer for ANR projects, FRANCE<br \/>\n2014 &#8212; Reviewer for ERC proposals<br \/>\n2004 \u2013 Nominations for the Nobel Prize in Physics<br \/>\n2000 &#8212; Referee for PRL, PRD, PRSTAB, JHEP, Nucl.Phys. B, NIM, Physics Letters, JINST, JHEP<\/p>\n<p>SCIENTIFIC PRIZES:<br \/>\nBronze Medal CNRS (1979) (given yearly to the best PhD thesis in Particle\/Nuclear physics for the<br \/>\nobservation of open charm in neutrino interactions)<br \/>\nPrize of the Thibaud Foundation, Acad\u00e9mie des Sciences, Arts et Belles Lettres de Lyon (1991),<br \/>\nfor the measurement of the number of neutrino species.<br \/>\nSilver Medal CNRS (1995) (given yearly for the best achievement in the field); for precision<br \/>\nmeasurements at LEP and the prediction of the top quark and Higgs boson mass<br \/>\nPaul Langevin Prize from the French Academy of Sciences (1996), for the work on polarized<br \/>\nbeams at LEP<br \/>\nManne Siegbahn Medal from the Royal Academy of Science in Sweden (1997), for the precision<br \/>\nmeasurements of the Z mass and width at LEP using resonant depolarization<br \/>\nPrize Jean Ricard by the French Physical Society (2004) (yearly, best achievement in Physics, for<br \/>\nprecision measurements at LEP and the prediction of the top quark and Higgs boson masses.<br \/>\nSuwa Prize (2013) with the T2K beam group for contribution to discovery of electron neutrino<br \/>\nappearance<\/p>\n<p>Breakthrough prize (2016) with the K2K and T2K collaborations for the discovery of neutrino<br \/>\noscillations<\/p>\n<p>&nbsp;<\/p>\n","protected":false},"excerpt":{"rendered":"<p><strong>Alain BLONDEL<\/strong><\/p>\n<p>Born 26 march1953 in Neuilly (92000 FRANCE), French citizen<br \/>\nPersonal address: 590 rte d&#8217;Ornex, 01280 Pr\u00e9vessin, France. Tel. +33 (0)4 50 40 46 51<br \/>\nPrefessional address D\u00e9partement de Physique Nucl\u00e9aire et Corpusculaire<br \/>\nUniversit\u00e9 de Gen\u00e8ve Quai Ernest-Ansermet 24 CH-1205 Gen\u00e8ve 4<\/p>\n<p>alain.blondel@cern.ch ORCID : 0000-0002-1597-8859<\/p>\n<p>EDUCATION<br \/>\nEngineer Ecole Polytechnique Paris (X1972)<br \/>\nDEA in Nuclear Physics, University of Orsay (1975)<br \/>\n3d cycle Thesis, University of Orsay (1976)<br \/>\nPhD in Physics University of Orsay (1979)<\/p>\n<p>&nbsp;<\/p>\n<p>&nbsp;<\/p>\n<p>PROFESSIONAL CURRICULUM<br \/>\n1975 Stagiaire Ecole Polytechnique (Palaiseau,<\/p>\n<p><a href=\"https:\/\/artsci.case.edu\/smat50\/alain-blondel\/\" class=\"more-link\">Continue reading&#8230; <span class=\"screen-reader-text\">Alain Blondel<\/span><\/a><\/p>\n","protected":false},"author":329,"featured_media":0,"parent":0,"menu_order":0,"comment_status":"closed","ping_status":"closed","template":"","meta":{"spay_email":""},"_links":{"self":[{"href":"https:\/\/artsci.case.edu\/smat50\/wp-json\/wp\/v2\/pages\/692"}],"collection":[{"href":"https:\/\/artsci.case.edu\/smat50\/wp-json\/wp\/v2\/pages"}],"about":[{"href":"https:\/\/artsci.case.edu\/smat50\/wp-json\/wp\/v2\/types\/page"}],"author":[{"embeddable":true,"href":"https:\/\/artsci.case.edu\/smat50\/wp-json\/wp\/v2\/users\/329"}],"replies":[{"embeddable":true,"href":"https:\/\/artsci.case.edu\/smat50\/wp-json\/wp\/v2\/comments?post=692"}],"version-history":[{"count":4,"href":"https:\/\/artsci.case.edu\/smat50\/wp-json\/wp\/v2\/pages\/692\/revisions"}],"predecessor-version":[{"id":697,"href":"https:\/\/artsci.case.edu\/smat50\/wp-json\/wp\/v2\/pages\/692\/revisions\/697"}],"wp:attachment":[{"href":"https:\/\/artsci.case.edu\/smat50\/wp-json\/wp\/v2\/media?parent=692"}],"curies":[{"name":"wp","href":"https:\/\/api.w.org\/{rel}","templated":true}]}}